 the prime factors of 14216.
2, 1777
List the prime factors of 20813.
13, 1601
What are the prime factors of 4640?
2, 5, 29
List the prime factors of 8639.
53, 163
What are the prime factors of 7595?
5, 7, 31
What are the prime factors of 2399?
2399
List the prime factors of 11235.
3, 5, 7, 107
What are the prime factors of 6926?
2, 3463
What are the prime factors of 73?
73
List the prime factors of 2279.
43, 53
What are the prime factors of 15515?
5, 29, 107
List the prime factors of 102701.
102701
List the prime factors of 18510.
2, 3, 5, 617
What are the prime factors of 981?
3, 109
List the prime factors of 92476.
2, 61, 379
What are the prime factors of 6394?
2, 23, 139
List the prime factors of 6845.
5, 37
What are the prime factors of 8683?
19, 457
What are the prime factors of 6374?
2, 3187
What are the prime factors of 17871?
3, 7, 23, 37
List the prime factors of 351.
3, 13
What are the prime factors of 3669?
3, 1223
What are the prime factors of 2895?
3, 5, 193
List the prime factors of 725.
5, 29
List the prime factors of 40163.
40163
List the prime factors of 102169.
71, 1439
List the prime factors of 58142.
2, 7, 4153
What are the prime factors of 12403?
79, 157
What are the prime factors of 3053?
43, 71
What are the prime factors of 8348?
2, 2087
List the prime factors of 1389.
3, 463
What are the prime factors of 6553?
6553
List the prime factors of 15317.
17, 53
What are the prime factors of 3792?
2, 3, 79
List the prime factors of 2753.
2753
What are the prime factors of 9666?
2, 3, 179
List the prime factors of 19568.
2, 1223
List the prime factors of 908.
2, 227
What are the prime factors of 41651?
41651
List the prime factors of 1106.
2, 7, 79
What are the prime factors of 173983?
19, 9157
List the prime factors of 83216.
2, 7, 743
List the prime factors of 269.
269
List the prime factors of 3257.
3257
List the prime factors of 21060.
2, 3, 5, 13
List the prime factors of 482.
2, 241
What are the prime factors of 8700?
2, 3, 5, 29
What are the prime factors of 116803?
116803
What are the prime factors of 2186?
2, 1093
List the prime factors of 17891.
17891
List the prime factors of 4111.
4111
List the prime factors of 2907.
3, 17, 19
List the prime factors of 1677.
3, 13, 43
List the prime factors of 6711.
3, 2237
What are the prime factors of 2316?
2, 3, 193
What are the prime factors of 9179?
67, 137
What are the prime factors of 13146?
2, 3, 7, 313
List the prime factors of 15949.
41, 389
What are the prime factors of 610?
2, 5, 61
What are the prime factors of 16342?
2, 8171
What are the prime factors of 782?
2, 17, 23
List the prime factors of 2151.
3, 239
What are the prime factors of 43616?
2, 29, 47
List the prime factors of 17087.
7, 2441
List the prime factors of 198.
2, 3, 11
List the prime factors of 144117.
3, 67, 239
What are the prime factors of 9013?
9013
What are the prime factors of 169729?
7, 24247
List the prime factors of 1866.
2, 3, 311
What are the prime factors of 6750?
2, 3, 5
List the prime factors of 3350.
2, 5, 67
What are the prime factors of 58078?
2, 71, 409
What are the prime factors of 80321?
31, 2591
What are the prime factors of 7290?
2, 3, 5
List the prime factors of 16209.
3, 1801
List the prime factors of 5823.
3, 647
What are the prime factors of 75880?
2, 5, 7, 271
List the prime factors of 2833.
2833
List the prime factors of 42.
2, 3, 7
What are the prime factors of 10951?
47, 233
What are the prime factors of 42585?
3, 5, 17, 167
List the prime factors of 952.
2, 7, 17
List the prime factors of 5554.
2, 2777
List the prime factors of 1299.
3, 433
List the prime factors of 8284.
2, 19, 109
List the prime factors of 13470.
2, 3, 5, 449
List the prime factors of 1525.
5, 61
List the prime factors of 56442.
2, 3, 23, 409
What are the prime factors of 10350?
2, 3, 5, 23
List the prime factors of 4377.
3, 1459
What are the prime factors of 576?
2, 3
What are the prime factors of 1925?
5, 7, 11
List the prime factors of 110.
2, 5, 11
List the prime factors of 2464.
2, 7, 11
What are the prime factors of 9818?
2, 4909
What are the prime factors of 4?
2
List the prime factors of 64642.
2, 32321
What are the prime factors of 13281?
3, 19, 233
List the prime factors of 4421.
4421
List the prime factors of 28383.
3, 9461
List the prime factors of 2903.
2903
What are the prime factors of 84677?
17, 293
List the prime factors of 1700.
2, 5, 17
What are the prime factors of 25581?
3, 8527
What are the prime factors of 1688?
2, 211
List the prime factors of 9642.
2, 3, 1607
List the prime factors of 844.
2, 211
What are the prime factors of 7175?
5, 7, 41
List the prime factors of 8649.
3, 31
What are the prime factors of 175259?
7, 25037
What are the prime factors of 1958?
2, 11, 89
List the prime factors of 53553.
3, 17851
List the prime factors of 49800.
2, 3, 5, 83
List the prime factors of 7100.
2, 5, 71
What are the prime factors of 9551?
9551
What are the prime factors of 2041?
13, 157
What are the prime factors of 3591?
3, 7, 19
What are the prime factors of 1706?
2, 853
List the prime factors of 102243.
3, 173, 197
List the prime factors of 3129.
3, 7, 149
List the prime factors of 5485.
5, 1097
What are the prime factors of 19072?
2, 149
List the prime factors of 8481.
3, 11, 257
List the prime factors of 4664.
2, 11, 53
What are the prime factors of 1961?
37, 53
List the prime factors of 24977.
24977
What are the prime factors of 326?
2, 163
List the prime factors of 80748.
2, 3, 2243
What are the prime factors of 46709?
13, 3593
List the prime factors of 90.
2, 3, 5
What are the prime factors of 232?
2, 29
List the prime factors of 3432.
2, 3, 11, 13
List the prime factors of 2021.
43, 47
What are the prime factors of 49738?
2, 13, 1913
What are the prime factors of 3659?
3659
What are the prime factors of 636?
2, 3, 53
List the prime factors of 496.
2, 31
What are the prime factors of 6392?
2, 17, 47
List the prime factors of 2134.
2, 11, 97
List the prime factors of 1941.
3, 647
List the prime factors of 68641.
83, 827
What are the prime factors of 425?
5, 17
What are the prime factors of 3205?
5, 641
List the prime factors of 390.
2, 3, 5, 13
List the prime factors of 481.
13, 37
What are the prime factors of 1953?
3, 7, 31
List the prime factors of 579.
3, 193
What are the prime factors of 1332?
2, 3, 37
List the prime factors of 2927.
2927
What are the prime factors of 1219?
23, 53
What are the prime factors of 2744?
2, 7
List the prime factors of 1400.
2, 5, 7
List the prime factors of 3051.
3, 113
List the prime factors of 343.
7
What are the prime factors of 3522?
2, 3, 587
What are the prime factors of 33068?
2, 7, 1181
List the prime factors of 3539.
3539
List the prime factors of 14578.
2, 37, 197
List the prime factors of 466.
2, 233
List the prime factors of 45437.
7, 6491
What are the prime factors of 649?
11, 59
What are the prime factors of 563?
563
List the prime factors of 1966.
2, 983
What are the prime factors of 21450?
2, 3, 5, 11, 13
List the prime factors of 163011.
3, 67, 811
What are the prime factors of 2636?
2, 659
List the prime factors of 23855.
5, 13, 367
What are the prime factors of 873?
3, 97
What are the prime factors of 16197?
3, 5399
What are the prime factors of 6850?
2, 5, 137
What are the prime factors of 13960?
2, 5, 349
What are the prime factors of 2461?
23, 107
List the prime factors of 103167.
3, 3821
List the prime factors of 177.
3, 59
List the prime factors of 1408.
2, 11
List the prime factors of 1326.
2, 3, 13, 17
What are the prime factors of 1644?
2, 3, 137
What are the prime factors of 9250?
2, 5, 37
What are the prime factors of 1073?
29, 37
List the prime factors of 20896.
2, 653
What are the prime factors of 9534?
2, 3, 7, 227
What are the prime factors of 3586?
2, 11, 163
What are the prime factors of 12875?
5, 103
List the prime factors of 8442.
2, 3, 7, 67
What are the prime factors of 2027?
2027
List the prime factors of 237.
3, 79
What are the prime factors of 4474?
2, 2237
List the prime factors of 22890.
2, 3, 5, 7, 109
What are the prime factors of 17376?
2, 3, 181
What are the prime factors of 1922?
2, 31
What are the prime factors of 3094?
2, 7, 13, 17
List the prime factors of 12011.
12011
List the prime factors of